
(-6 - 1) + -19 + 25
-1
1 - (0 + 5 - 1)
-3
What is -3 + 5 + (-2 - -13) + -6?
7
Evaluate (-3 - (4 - 2)) + 2.
-3
What is the value of 3 + 2 - (9 + -4)?
0
-4 + 2 - (-11 - (-3 - 1))
5
Evaluate (-6 - -3) + 1 - (6 + -9).
1
(2 - (0 - 2)) + -5
-1
Calculate -6 - (-7 + 7 + -1).
-5
What is -3 + 3 - (6 + 0 + -3)?
-3
-10 - (0 - (-3 + 15))
2
Evaluate (8 - 9) + (4 - -6 - 2).
7
Calculate -1 + 2 + -2 + 5 + 1.
5
(-1 - (-4 - (-3 - -4))) + -5
-1
-6 + 9 + -4 + -1
-2
-12 - (1 + 3 - (22 + -13))
-7
0 - (2 + 1) - (33 + -27)
-9
What is the value of (-5 - 0) + -15 + 20?
0
Calculate -8 - -12 - ((-1 - 1) + 1).
5
What is 3 - 3 - (0 - 2) - -2?
4
Evaluate 2 - (-6 - (-10 + -1)).
-3
What is 12 - (-1 - -1) - (-20 - -25)?
7
5 - 0 - 12 - -10
3
Evaluate 7 + (0 - (-4 + 3) - 4).
4
What is the value of -10 + 4 + 1 + 6 + -3?
-2
Calculate 0 + -1 + (-2 - (-7 - -1)).
3
What is -5 - (4 - (4 + (1 - 0)))?
-4
-2 + 0 + 8 - (-10 + 16)
0
What is 1 + 1 + 0 + 1 + 3?
6
-1 - ((-2 - 1) + 5)
-3
What is the value of 17 - (16 - 2) - -6?
9
What is -6 - (-3 - (5 + -3))?
-1
What is the value of 2 - (2 + -3 - -8 - 3)?
-2
What is the value of 5 + -5 + -3 + 6 - 6?
-3
What is -9 + 16 - (12 + 7 + -7)?
-5
What is 1 - 1 - (14 + -17)?
3
-11 - (6 + -4 - 8)
-5
Evaluate 0 + (3 - (-3 + 3)) + -2.
1
What is 6 - (2 + 1 - 2)?
5
-7 + (15 - 7) + -2 - -2
1
What is -5 + 2 + 2 + -5 + -3?
-9
What is 16 + -19 + 12 + -3?
6
-4 + 1 - (7 - 7 - 8)
5
What is the value of -2 - (5 + -3 - 8)?
4
Calculate 6 - (5 + -4 + -3 + 2).
6
4 - (-6 + 1 + (-30 - -35))
4
What is the value of 3 + 0 + 3 + -1?
5
What is 4 + -7 + 15 + -7?
5
Evaluate 3 + -4 + 2 - (1 - 3).
3
Calculate -3 + -2 + -1 + 2.
-4
Calculate -2 + (5 + -5 - -1).
-1
What is 3 - (-2 + (3 - 3 - -3))?
2
2 - (12 - 4) - 0
-6
Calculate (5 + 0 - (49 + -52)) + -5.
3
Calculate -1 + 2 - (7 + (-1 - 0)).
-5
Calculate (-3 + -1 - 11) + 7.
-8
Evaluate (-11 + -1 - -9) + (4 - 2).
-1
Evaluate 20 - ((0 - -6) + 5).
9
Evaluate -10 + 1 + (-15 - (15 - 28)).
-11
-2 - 3 - (-4 + (-2 - -1))
0
Calculate 0 - ((-3 - -7) + (5 - 7)).
-2
Calculate -1 - 2 - (0 + 1) - 0.
-4
What is (126 - 126) + -2 + 1 + -2?
-3
What is the value of -4 + 1 - (1 + -7 + -1)?
4
Evaluate 5 - (1 + (7 - 6)).
3
What is the value of 2 - ((-1 - -3) + -5) - 0?
5
Evaluate -4 - (1 + -4 + -6).
5
Calculate 16 - (3 + 2 + 8).
3
What is the value of 4 + 1 - (5 + 1)?
-1
What is the value of 18 - (-5 + 12) - 8?
3
-157 - -152 - ((0 - 1) + -7)
3
What is the value of -6 + 10 + -1 + 0 + 2?
5
Evaluate -8 + -3 + (15 - 9).
-5
-4 + (-1 + 6 - -4) - 4
1
1 + 3 + (-1 - (0 + 0))
3
Calculate -3 - (2 - 4) - 3.
-4
What is 10 - 8 - (0 - 0 - 4)?
6
What is the value of 2 + 0 + -3 + -3 + -1?
-5
What is the value of (-3 - -12) + (-7 - -4 - 2)?
4
What is the value of -2 + 0 + 11 + 4 + -8?
5
Evaluate 0 + 3 + -60 + 46.
-11
Evaluate 6 - (5 - -9) - -9.
1
1 + -3 + -6 - -3
-5
What is (5 + 5 - 2) + (-8 - 7)?
-7
What is the value of 11 - 3 - ((2 - 3) + 5)?
4
What is 1 + 4 - 6 - -4?
3
-4 + -5 + (6 - -3)
0
Calculate 4 - 2 - (36 + -30).
-4
What is the value of (-1 - -8) + -8 + 7?
6
What is the value of (431 - 426) + (1 + -15 - 1)?
-10
Calculate -4 + -4 + 5 + 3.
0
What is -3 + (-5 - (0 + -4 + 1))?
-5
What is the value of (-5 + 15 - (6 + -4)) + 2?
10
Calculate (-3 - 0) + 12 + -7.
2
-8 + (7 - 6) + 3 + -1
-5
What is (-8 + 5 - -7) + 0?
4
Evaluate -2 - (3 + -2 - 1).
-2
0 + (8 - 0) + -2
6
Calculate 55 - 44 - (8 - -1 - 2).
4
What is 3 + 2 - (-1 - -6)?
0
What is the value of 1 + (3 - -4 - 4) + -2?
2
What is the value of (-1 + 5 - 0) + 1 + -5?
0
What is 1 + -3 + (2 - (-28 + 25))?
3
1 + (-2 + (-1 - -2) - 5)
-5
Calculate -7 + 8 - (-2 - 1).
4
What is (-5 - 1) + 9 - (0 + 5)?
-2
What is 1 - 0 - (-10 + 8)?
3
What is -2 + -4 + (6 - 9 - -2)?
-7
Calculate -2 - (-2 + 4 + -3).
-1
Calculate 5 - 19 - -8 - -3.
-3
Calculate 10 + (-5 - (2 + -4)) - 2.
5
Evaluate -27 + 30 - (-5 + 2).
6
2 - -1 - (-22 + 24)
1
Evaluate -8 - -13 - (11 - 9).
3
What is -8 + 1 + 9 + 5?
7
Evaluate 2 - (17 - 6) - -4.
-5
Evaluate 1 - -1 - (38 - 36).
0
What is 0 + 0 - (5 + 4 + -14)?
5
What is -2 - (2 - 9 - -9)?
-4
What is the value of -1 - 0 - 2 - -3?
0
(2 - (3 + -2)) + (7 - 9)
-1
Calculate -1 + 0 - -3 - (-17 - -14).
5
Calculate 5 - (0 + (5 - 6 - -4)).
2
What is 4 - ((2 - 4) + 13 + -3)?
-4
What is -4 + 14 + 0 - 3?
7
-2 + (1 - -2) + 0
1
Evaluate -4 + (5 - 2 - 7) + 11.
3
What is the value of 4 + -5 + -3 + -3?
-7
Evaluate 22 + -2 + 26 + -34 + -5.
7
Calculate -1 - (1 + -1) - -4.
3
5 + -2 + (-7 - -3)
-1
Evaluate (2 - 1) + 5 + -10.
-4
What is the value of 67 - 68 - (0 - 0 - 5)?
4
Calculate 0 + (1 - 4) + (-1 - -3).
-1
What is 1 + 1 - (3 + (-7 - -2))?
4
What is -1 + 5 + -1 + 0 - 6?
-3
-7 + 2 + (1 - 1)
-5
Evaluate 1 - (-2 - 0) - (-5 + 6).
2
(65 - 60) + (1 - 6)
0
Evaluate 9 - (-2 - -6) - 6.
-1
What is (0 + -2 - (-18 - -13)) + -3?
0
What is the value of 2 - ((0 - -3) + -2 - 4)?
5
Evaluate -10 - (-8 + (-3 - -9)).
-8
Calculate 0 + -4 - -7 - 5.
-2
What is the value of -4 - (0 - 3 - -5 - 1)?
-5
What is 2 + 9 + (-2 - 4)?
5
9 + -6 - (-2 - -2) - 3
0
Evaluate 3 + 2 + (-12 - -8).
1
What is the value of 10 - (2 + -9 + 15)?
2
Calculate 5 - ((-6 - -1) + 6).
4
Evaluate -9 - (-5 - -1) - -3.
-2
Calculate (-11 - -8) + 5 + -3.
-1
What is -3 - (3 - ((1 - 1) + 9))?
3
Evaluate (-1 - 2) + 7 + -6.
-2
What is 5 - (3 + -6 - -2) - 1?
5
-2 + 0 + 5 + -4
-1
-2 + -1 - (-26 - -22)
1
-1 - ((-1 - -3) + (-4 - 1))
2
What is 8 - (-7 - (-1 + -4)) - 4?
6
What is the value of (12 - 10) + 12 - 11?
3
Evaluate -8 + (2 - -3) + -1 + 3.
-1
What is (1 - (-1 - -2)) + -7 + 8?
1
Calculate (6 - (0 + -1)) + (28 - 31).
4
Evaluate -5 + (-6 - -14 - 5).
-2
3 + 0 + -4 + -8
-9
Evaluate (1 - 6 - -2) + 9.
6
What is the value of -10 + 13 - 8 - -7?
2
Evaluate (7 - 2 - -2) + (-7 - 5).
-5
Evaluate 3 + (4 + (-5 - -8) - 16).
-6
Calculate -39 + 35 - (-1 - 6).
3
What is the value of -2 + -3 + -5 + 6 + 10?
6
Calculate 0 - -3 - (-10 + 13).
0
-4 + 6 - ((1 - 2) + 0)
3
What is -4 + -1 - (27 + -33)?
1
Evaluate 2 + (-3 - (6 + -2)).
-5
Evaluate 10 + 10 + -6 + -7.
7
Calculate 0 - (-1 - -6 - 3).
-2
Evaluate -6 + (7 - -6) + -3.
4
Evaluate 5 - (1 + -1 + 5).
0
Evaluate -1 - (-12 - (-5 + -1)).
5
-50 - -49 - (1 + -3)
1
What is -12 + (74 + -70 - (0 + 1))?
-9
Calculate (4 - 2) + (4 - (-2 - -2)).
6
Evaluate 6 - (-6 - -14 - (-8 - -5)).
-5
Calculate -9 + 10 + 4 + -7.
-2
What is the value of 6 - (1 + -1 - -10)?
-4
4 - 0 - (-2 - (-7 + 1))
0
-3 - -6 - (2 - 1)
2
(-30 - -26) + 0 + 9
5
What is the value of 0 + 2 + -2 - (-15 - -13)?
2
What is the value of (1 - (-6 - -11)) + 1?
-3
Evaluate (2 - 13) + (11 - 5).
-5
13 + (-12 - (5 + -8))
4
1 + 1 - (-1 + -2 + 1)
4
What is the value of 13 - (-6 - -24) - -10?
5
1 - (2 - 3) - -2
4
What is the value of -1 + (3 - (1 - -2)) - 3?
-4
(-1 - -2) + -5 + (9 - 2)
3
What is (-1 - 1) + -33 + 35?
0
-7 + -1 - (37 + -40)
-5
Evaluate (-16 + 17 - (8 + -2)) + 3.
-2
Calculate (-3 + 6 - (-3 + 17)) + 7.
-4
What is (11 - 10 - 3) + 1 + 6?
5
What is the value of 1 + -2 - (-3 + 4)?
-2
Calculate 10 - (6 + -1) - -2.
7
Evaluate (5 - 3) + (2 - -1 - 1).
4
What is the value of -1 + 1 - (-4 + (3 - 3))?
4
Calculate (-4 + -2 - (-11 + 7)) + 6.
4
Evaluate -1 - 0 - (-2 + -2).
3
Calculate 2 - -1 - (0 + (0 - 2)).
5
Calculate -6 + (-5 - (4 + -6)) + 4.
-5
What is the value of 5 - 1 - (-3 - -1)?
6
0 - 0 - (9 + -6)
-3
What is (79 - 73) + 1 + -5?
2
Calculate 6 + 1 - (-2 + 9).
0
3 - (-3 + -1 + 3) - -1
5
What is the value of -4 + -4 + 2 + 6 + 1?
1
4 + -9 - -5 - -5 - -1
6
0 + 1 + 1 + 0 - -1
3
What is 3 - (-1 + 2 - -4)?
-2
Evaluate (3 - 4) + -3 + 0.
-4
Calculate 1 + -7 + (-13 - -23).
4
Evaluate (1 - -4) + -30 + 28.
3
What is the value of -4 + -4 + (3 - -2) + -2?
-5
Evaluate 3 - (4 + (-2 - (-7 + 3))).
-3
3 - -6 - 8 - -7
8
Evaluate (-8 - -4) + 6 + -4 + 5.
3
(2 - -5) + 1 + -4
4
Evaluate 232 - 241 - (0 - 15).
6
What is 35 - 40 - (0 + 1)?
-6
(5 - 7 - -9) + -8
-1
Evaluate 10 - 4 - (0 - -4).
2
What is the value of (-2 - 0 - -2) + -2 - -1?
-1
(7 + -1 - 1) + -7
-2
13 + -6 + (1 - 5)
3
7 - (11 - 9) - 1
4
Evaluate (3 - 6) + 5 - (-4 + 3).
3
Calculate -6 + 7 + -8 - (2 + -3).
-6
Calculate 1 + -2 + (10 - 3) + -11.
-5
37 - 40 - (1 + -5 - -1)
0
Calculate -1 + -2 + -1 + -15 + 26.
7
Calculate 2 - (11 + -3 + -2).
-4
-2 + 2 + 0 + 4 + -1
3
What is the value of (-4 - 0) + 4 + (3 - 4)?
-1
What is (10 - (-5 - -13)) + -2?
0
-3 - 0 - (-3 + -8 + 7)
1
Evaluate (0 - (3 - 2))